.
5, 17
Let a = 4 + 0. Suppose -2*d - u = -7*d + 27, 3*d + a*u - 7 = 0. Suppose -5*x + 10 = -d*g, 0*x = -x + 5*g - 14. What are the prime factors of x?
2, 3
Suppose 4*g - 17 = -2*i + 3*g, 0 = 3*i + 4*g - 33. Suppose -200 = 2*c - i*c. What are the prime factors of c?
2, 5
Let w(n) = 2*n**2 + 8*n - 1. Let f be w(-4). Let q be (1 - f) + (-12 - 0). Let s = 27 + q. What are the prime factors of s?
17
List the prime factors of 3973 - ((-2)/15 + 704/330).
11, 19
Let i(y) = -4*y**2 + 12*y + 1. Let n(t) = 7*t**2 - 23*t - 3. Let g(w) = -11*i(w) - 6*n(w). List the prime factors of g(-2).
3
Let f be (-4)/2*2 - -25. Suppose 8*v - f = v. Suppose 5 = z + v*a, 2*a + a - 11 = -4*z. What are the prime factors of z?
2
What are the prime factors of 3851 + 0 + 270/30?
2, 5, 193
What are the prime factors of 348/(-203)*(-966)/4?
2, 3, 23
Suppose -1415 = -43*d + 38*d. List the prime factors of d.
283
What are the prime factors of (300/(-16))/(5/(-140))?
3, 5, 7
Let u be (2 + -1)/(9/18). Suppose -u*t + 3*h + 360 = 4*h, 4*h = 16. Suppose -22 - t = -5*l. What are the prime factors of l?
2, 5
Suppose 0 = 3*w - 8 - 1. Let v(x) = 2*x**2 + 5 + 3*x**3 + 7*x**2 + 9*x + 4*x**3 - 6*x**w. What are the prime factors of v(-6)?
59
What are the prime factors of (-82)/(((-1)/6)/(30/45))?
2, 41
Let s be 789/12 + (-3)/(-12). Suppose 4*d - 50 = s. List the prime factors of d.
29
Let o be -13*1/((-5)/(-5)). Let l = 18 + o. Suppose -5*z - 48 = -f, l*f - 3*z - 33 = 185. List the prime factors of f.
43
Suppose 3*i - 5*r = -r + 1308, 4*i + r = 1725. List the prime factors of i.
2, 3
Suppose 0 = 4*j - f - 14616, -4*j - 178*f + 14636 = -174*f. What are the prime factors of j?
5, 17, 43
List the prime factors of 1*-308*49/(-14).
2, 7, 11
Let x(n) = -26 + 33 - 32 + 2*n + 2*n**2. List the prime factors of x(5).
5, 7
Suppose 14 = 3*b + c, 3*c - 22 = -4*b - 0*c. Suppose b*f - f = 420. Suppose 5*s = s + f. What are the prime factors of s?
5, 7
Suppose 0 = 14*h - 29*h + 195. What are the prime factors of h?
13
Suppose 4*l + 22 = 6. What are the prime factors of 123 - (-1)/(l/16)?
7, 17
Let i be (-1)/(0 + 2/(-8)). Let b be 0*i/(-12) - -2. Let z = b + 10. List the prime factors of z.
2, 3
Let j be 9/(27/12) + 10. Let t = 35 - -1. What are the prime factors of t/j*(-98)/(-21)?
2, 3
Suppose -5*i + 284 = 4*h, 3*i + i = 3*h - 182. List the prime factors of h.
2, 3, 11
Let u(c) = c**3 - 9*c**2 + 4. Let n be u(9). Let g be -1 - (n - 3)/(-1). Suppose r - 2*r + 16 = g. List the prime factors of r.
2
Let w(k) = 2*k**3 + 2*k**2 - k - 1. Suppose g - 8 = -3*v, -2*v + 5*g - 12 = -3*v. What are the prime factors of w(v)?
3, 7
Let a be (-2)/4*(-8)/2. List the prime factors of 4/a - (1 + -38).
3, 13
List the prime factors of (-13 - 3)/(-8) - -1067.
1069
What are the prime factors of ((4876/(-6))/(-1))/((-12)/(-54))?
3, 23, 53
Let p(m) = 56*m**2 + m. Let k be p(1). Let f = 65 - k. List the prime factors of f.
2
Let c = 56 + -20. Suppose 39*v = c*v + 48. What are the prime factors of v?
2
Let d be ((-1)/(-3))/((-5)/(-4155)). Let c = d - 165. What are the prime factors of c?
2, 7
Let f be (4/(-3))/(4/(-318)). Let u be 520/117 + (-4)/9. What are the prime factors of u/6 + f/3?
2, 3
Let q = 534 - 542. Let k(r) = 16 + r - 1 - 4. List the prime factors of k(q).
3
Let n(k) be the third derivative of k**6/180 - k**5/40 + k**4/12 - k**3 + 6*k**2. Let j(l) be the first derivative of n(l). List the prime factors of j(5).
37
Suppose -3*n + 20 = -5*n + 4*u, u = -2*n - 20. Suppose -3*s + 105 - 36 = 0. Let r = n + s. List the prime factors of r.
13
Let o(p) = -p**3 + 20*p**2 + 37*p - 6. What are the prime factors of o(18)?
2, 3, 109
Suppose -9*l - 38 = -5996. List the prime factors of l.
2, 331
Let v = -340 + 577. Suppose -4*r = c - 95, 4*r + 0*r + v = 3*c. What are the prime factors of c?
83
Let l(f) = 52*f + 29. What are the prime factors of l(8)?
5, 89
Let z = 88 + -62. Suppose w + 5*j = -w + 61, 0 = -w - 4*j + z. List the prime factors of w.
2, 19
Let z = 1293 - 643. List the prime factors of z.
2, 5, 13
Suppose -10 = 24*s - 26*s. Let b(x) = 13*x - 7. What are the prime factors of b(s)?
2, 29
Suppose 3*z = 3*t - 5544, 45*t + 3690 = 47*t + z. List the prime factors of t.
2, 13, 71
Let b(h) = 4*h**2 + 15*h + 655. What are the prime factors of b(27)?
2, 7, 71
Suppose -13*w - 5575 + 24386 = 0. List the prime factors of w.
1447
Suppose -6*v + 11*v = 40. Let c = 71 - v. What are the prime factors of c?
3, 7
Let p be (-2)/(-6) - (32/(-12) + -1). Suppose 0 = p*w - t - 125, -w - 2*t = -7*t - 36. What are the prime factors of w?
31
Let v be 1 + 89 - (5 - 7). Let h = v + -25. List the prime factors of h.
67
Suppose -2*c - 742 = -5*c + 4*x, -2*x + 754 = 3*c. What are the prime factors of c?
2, 5
Suppose 11200 = 7*u + 9*u. List the prime factors of u.
2, 5, 7
Let n(g) = g**3 - 13*g**2 - 19*g + 7. List the prime factors of n(15).
2, 43
Let g be 6/(-6)*(-96)/2. Suppose g*c + 520 = 53*c. List the prime factors of c.
2, 13
Let z = -42 + 42. List the prime factors of (-386)/(-7) - (z + (-2)/(-14)).
5, 11
Suppose -2*n - 5*q = -5, q - 20 = -5*n - 4*q. Suppose -n*h = -2*c - 30, -h + 4*c + 6 + 18 = 0. Suppose 8*j - 164 = h*j. What are the prime factors of j?
41
Suppose -27 = -3*d + 3*w, 40 = 4*d - 10*w + 5*w. Suppose -3*o = -d*u - 30, -2*o - 4 = -14. Let y(i) = -9*i + 2. List the prime factors of y(u).
29
What are the prime factors of (176/3)/(34/969)?
2, 11, 19
Let q = -17 + 24. Suppose 4*l = 4*y - q*y + 1056, 5*l - 711 = -2*y. List the prime factors of y.
2, 3, 29
Let n(i) = -i**3 + i**2. Let b(z) = -2*z**3 - 7*z**2 - 8*z - 7. Let t(a) = -b(a) + n(a). List the prime factors of t(-6).
31
Suppose u - 5*u + 4 = 0. What are the prime factors of 124/(5 + (u - 4))?
2, 31
Let l be 11*(-2 + 3) + -3. Suppose -7*n = -5*n - l. Suppose 0 = n*x - 3*x - 17. List the prime factors of x.
17
Let h = 245 + -473. Let r be -3 + 3 + h/4. Let a = 87 + r. What are the prime factors of a?
2, 3, 5
Let k(g) = g**3 - 2*g**2 + g - 10. Let q be k(3). List the prime factors of (-2094)/(-22) + q/(-11).
5, 19
Let d(b) = 5*b - 50. Let w be d(11). Suppose 4*o - 365 = -2*g + 81, -w*o - 3*g + 558 = 0. List the prime factors of o.
3, 37
Let h(d) = -d**3 + 2*d + 1. Let y(o) = o**2 + 9*o + 11. Let v(f) = -f + 3. Let n be v(10). Let q be y(n). List the prime factors of h(q).
2, 11
Let p = -140 + 657. List the prime factors of p.
11, 47
Let t(f) = f**3 - 5*f**2 + 6*f + 2. Let y be t(3). Suppose -y*w = -4*n + 37 - 9, 4*w - 61 = -5*n. List the prime factors of n/(-15) - (-143)/5.
2, 7
Let m(a) be the second derivative of -a**5/40 - 7*a**4/24 - 5*a**3/6 + 3*a. Let p(v) be the second derivative of m(v). What are the prime factors of p(-6)?
11
Let h(f) be the first derivative of -f**4/4 + 5*f**3/3 + 4*f**2 + 3*f - 25. Suppose 4*r - 3*r - 6 = 0. List the prime factors of h(r).
3, 5
Let k = -9 - -5. Let s(f) = f**2 + 5*f. Let i be s(k). What are the prime factors of i/(-5) - 558/(-15)?
2, 19
Suppose -2*h + 4*o - 2*o = -588, -h + 276 = 5*o. Let p = h + -198. What are the prime factors of p?
3, 31
Suppose -n - 2*j = -326, 878 = 3*n - j - 100. List the prime factors of n.
2, 163
Let s(n) = -2*n + 1. Let x(g) = g. Let i(z) = s(z) + 4*x(z). Let o be i(1). Suppose -o*w - 108 = -5*m - 2*w, m + 4*w = 30. What are the prime factors of m?
2, 11
Let u(c) = c - 5. Let f be u(10). Suppose -5*t - 3*n + 56 = 0, -2*n = -2*t - f + 21. List the prime factors of t.
2, 5
Let n = -168 - -746. Let k = -352 + n. What are the prime factors of k?
2, 113
Suppose -56*h = -24*h - 44736. What are the prime factors of h?
2, 3, 233
Suppose 5*r + 62 = 2*a, 0*a + 2*r = 4*a - 124. Suppose 30*g = a*g - 308. What are the prime factors of g?
2, 7, 11
Let r(h) = 108*h - 50. What are the prime factors of r(18)?
2, 947
Let k(n) = -13*n + 40. Suppose 2*x + 39 = v, x + 2*v = -32 + 10. Let h be k(x). Suppose 0 = 8*s - 13*s + h. What are the prime factors of s?
2, 3, 5
Suppose 0*c = -5*c + 310. Suppose 0*z - z - c = 0. Let y = z + 125. List the prime factors of y.
3, 7
Let g be 162/(-39) + 5 + 4/26. Suppose -4*l = -g - 3, -9 = -r - 2*l. List the prime factors of r.
7
Suppose p + 0 - 5 = 0. Suppose -p*w + 13 = m, 5*w - 22 = 4*m - 199. What are the prime factors of m - -1 - (-9 + 9)?
3, 13
Let o = -65 + 54. List the prime factors of 1/